Determine a(-17).
36
Let j(l) = -213*l**3 + 8*l**2 - 782*l - 1594. Calculate j(-2).
1706
Let q(w) = 16408*w - 65271. Give q(4).
361
Let m(q) = -q**2 + 237*q + 22263. What is m(309)?
15
Let l(b) = 4807*b - 365318. Calculate l(76).
14
Let j(u) = -1206*u + 92838. What is j(77)?
-24
Let q(m) = 477*m + 20539. Determine q(-43).
28
Let o(u) = -2565005*u - 20520036. Give o(-8).
4
Let n(h) = 113*h**2 - 21818*h + 1760. Calculate n(193).
23
Let w(g) = -8*g**3 - g**2 - 246*g + 730. Calculate w(3).
-233
Let k(u) = 14019*u - 56100. Determine k(4).
-24
Let q(o) = 9*o**2 + 1525*o - 806. What is q(-170)?
44
Let u(y) = 3*y**2 - 324*y + 8786. What is u(37)?
905
Let g(w) = w**2 + 49*w + 343. Give g(-14).
-147
Let m(r) = -r**3 + 34*r**2 - 146*r - 93. Calculate m(29).
-122
Let t(p) = -168*p**2 - 779*p + 3261. What is t(4)?
-2543
Let u(q) = -12*q**2 + 24489*q - 604729. Give u(25).
-4
Let k(s) = -17*s**2 + 4613*s + 13916. Calculate k(-3).
-76
Let v(p) = -5*p**3 + 39*p**2 - 85*p - 42. What is v(8)?
-786
Let n(b) = -3781*b**2 + 219291*b + 410. Give n(58).
4
Let u(s) = 25774*s - 15747900. Calculate u(611).
14
Let v(a) = -7*a**2 + 1997*a - 10194. What is v(280)?
166
Let o(a) = 371*a + 21018. Determine o(-57).
-129
Let i(q) = q**3 + 13*q**2 - 132*q - 1245. What is i(-17)?
-157
Let t(o) = 214352*o - 1714823. Give t(8).
-7
Let x(q) = q**3 + 2*q**2 + 230903*q - 461810. Determine x(2).
12
Let t(j) = 6*j**2 + 71*j - 29. Give t(-12).
-17
Let g(l) = 149191*l - 2536257. What is g(17)?
-10
Let b(g) = -g**3 + 53*g**2 + 430*g - 528. Determine b(60).
72
Let m(f) = 107499*f + 752477. What is m(-7)?
-16
Let g(m) = 18*m**2 - 1244*m + 25. Determine g(69).
-113
Let z(b) = 2*b**3 - 3*b**2 - 43519*b + 173996. Calculate z(4).
0
Let c(j) = -50*j**2 - 504*j + 48. Calculate c(-10).
88
Let a(r) = -2*r**3 - 7*r**2 + 160*r + 675. Determine a(-4).
51
Let o(h) = -14*h**2 - 797*h + 1047. Determine o(-58).
177
Let h(n) = -n**3 + 110*n**2 + 194*n + 3745. Calculate h(112).
385
Let f(t) = -5*t**2 + 320*t - 538. Give f(61).
377
Let n(r) = -r**3 + 213*r**2 + 405*r + 5558. Determine n(215).
183
Let y(m) = 2*m**3 + 31*m**2 - 14*m - 10. Give y(-15).
425
Let k(o) = -635*o + 9818. Determine k(15).
293
Let f(h) = 34940*h - 314496. Determine f(9).
-36
Let a(t) = 129*t**2 + 90*t + 11. Calculate a(4).
2435
Let l(v) = -798*v - 138858. Give l(-174).
-6
Let f(h) = 9*h**2 + 52*h - 99. Determine f(12).
1821
Let x(s) = -561*s**2 + 27*s + 45. Calculate x(-1).
-543
Let c(u) = -75031*u - 224987. Give c(-3).
106
Let j(x) = -35*x**2 - 163*x - 1479. Give j(-9).
-2847
Let d(m) = -4*m**2 - 193*m - 188. Calculate d(-1).
1
Let v(r) = 2*r**3 + 229*r**2 - 1557*r - 277. Calculate v(-121).
-2213
Let h(r) = -7026*r + 1250600. Calculate h(178).
-28
Let r(h) = 6*h**3 - 3*h**2 - 12*h - 48. Determine r(3).
51
Let i(r) = 8358*r - 133727. Calculate i(16).
1
Let a(l) = -5*l**3 - 2*l**2 + 817*l + 1636. Give a(-2).
34
Let o(n) = -23*n**3 + n**2 - 1665*n - 3343. Calculate o(-2).
175
Let s(y) = -y**2 + 240*y + 28486. Calculate s(-87).
37
Let c(i) = -2*i**2 + 288*i - 2167. Give c(8).
9
Let q(s) = -14*s**2 - 90*s - 266. Determine q(-8).
-442
Let o(u) = -u**3 - 125*u**2 + 1474*u + 72590. Calculate o(-132).
-10
Let s(x) = -9*x - 1072. What is s(-24)?
-856
Let m(q) = -208208*q + 1040963. Calculate m(5).
-77
Let w(k) = -13510*k + 1188838. Determine w(88).
-42
Let t(q) = -903*q + 19854. Determine t(22).
-12
Let u(c) = -45019*c + 4231770. What is u(94)?
-16
Let c(b) = 4*b**2 + 61*b - 32. What is c(-15)?
-47
Let h(s) = -s**3 - 17*s**2 - 116*s - 1231. Give h(-17).
741
Let a(h) = 582*h + 57580. Calculate a(-105).
-3530
Let j(x) = -52*x**2 - 558*x - 509. What is j(-1)?
-3
Let b(c) = -c - 1783. Determine b(-7).
-1776
Let y(j) = 47*j**2 - 16*j - 85. Determine y(-3).
386
Let y(p) = 73514*p - 4998946. What is y(68)?
6
Let o(x) = 829*x + 41108. Determine o(-44).
4632
Let b(c) = -c**2 + 106*c + 3350. Give b(126).
830
Let r(p) = 399*p + 44889. Calculate r(-113).
-198
Let n(j) = 2*j**3 + 112*j**2 + 701*j - 212. What is n(-48)?
3004
Let f(x) = -83842*x + 335308. Determine f(4).
-60
Let t(l) = 362*l**2 + 2094*l - 79. Calculate t(-6).
389
Let b(r) = -9*r**2 - 321*r - 429. What is b(-32)?
627
Let x(y) = -y**2 - 1132*y - 21105. Give x(-19).
42
Let b(l) = -9*l**2 + 380*l + 59666. Determine b(-63).
5
Let i(t) = -22*t**2 + 948*t + 2858. Give i(-3).
-184
Let m(w) = 331397*w + 20. Give m(0).
20
Let d(n) = -2*n**2 - 2151*n + 43828. Give d(20).
8
Let c(d) = -1127500*d - 21422495. Determine c(-19).
5
Let k(w) = -329*w**2 + 91796*w - 1394. What is k(279)?
1
Let d(h) = 1012*h**2 + 271217*h + 275. Give d(-268).
7
Let h(g) = -2*g**2 - 9279*g + 431067. Determine h(46).
1
Let q(h) = -2*h**2 - 120*h - 5. Calculate q(0).
-5
Let w(x) = 4*x**2 - 90817*x + 1270669. Determine w(14).
15
Let l(t) = -t**2 - 158*t - 4712. Give l(-40).
8
Let o(i) = 205*i + 28618. What is o(-146)?
-1312
Let u(i) = 42*i**3 + 502*i + 1015. Determine u(-2).
-325
Let v(z) = 48*z + 956. Give v(-16).
188
Let n(h) = h**3 + 121*h**2 - 160*h + 9476. Determine n(-123).
-1102
Let h(i) = 14*i**2 - 66*i - 534. What is h(9)?
6
Let j(p) = p**2 + 32856*p + 1443730. Determine j(-44).
2
Let r(b) = 2*b**2 - 98*b - 9490. Determine r(97).
-178
Let m(j) = 1444*j + 317686. Give m(-220).
6
Let r(j) = -381*j - 9573. What is r(-43)?
6810
Let l(y) = -y**3 + 119*y**2 - 1749*y + 208. Determine l(17).
-47
Let w(h) = 32080*h - 192346. What is w(6)?
134
Let d(j) = 23*j**3 - 105*j**2 - 197*j + 110. What is d(7)?
1475
Let q(m) = 220457*m - 5070520. Determine q(23).
-9
Let w(u) = u**3 + 189*u**2 - 3423*u + 16425. Calculate w(-206).
151
Let n(b) = 2*b**3 - 228*b**2 + 877*b + 241. Calculate n(110).
-89
Let u(o) = -o**3 + 72*o**2 + 2439*o - 172673. What is u(73)?
45
Let r(s) = -4*s**3 - 38*s**2 + 114*s + 25. Determine r(-12).
97
Let n(l) = -2055*l**2 + 147957*l + 143. Determine n(72).
-73
Let k(q) = -2232*q - 3850. Calculate k(-2).
614
Let g(s) = -s**3 + 876*s - 527. What is g(0)?
-527
Let d(i) = -26412*i + 316774. What is d(12)?
-170
Let r(a) = -a**3 - 76*a**2 + 2016*a + 140547. What is r(-79)?
6
Let l(u) = 37*u**2 + 4135*u + 111143. What is l(-45)?
-7
Let i(r) = -r**3 + 40*r**2 - 60*r + 941. What is i(39)?
122
Let y(a) = -12*a**3 + 44*a**2 - 29*a + 22. Calculate y(3).
7
Let o(b) = -2300*b + 4599. What is o(2)?
-1
Let r(w) = 20*w**2 + 266*w + 1190. Give r(-5).
360
Let n(k) = k**3 - 2608*k**2 - 18287*k + 132. Calculate n(-7).
6
Let z(f) = 4*f**3 - 109*f**2 + 221*f - 30. Determine z(25).
-130
Let h(q) = 104*q**2 + 147*q + 552. Determine h(-4).
1628
Let k(q) = 7*q**2 + 4797*q - 240920. Give k(47).
2
Let p(g) = -2*g**2 + 81910*g - 409493. Calculate p(5).
7
Let p(y) = -323*y + 24524. Calculate p(76).
-24
Let b(u) = 42*u**2 + 157*u - 7060. Determine b(-15).
35
Let f(o) = -14*o**2 + 317*o + 4743. Determine f(32).
551
Let k(f) = -f**3 + 184*f**2 - 180*f - 438. Determine k(183).
111
Let w(q) = 5*q**2 - 135*q - 3309. Determine w(36).
-1689
Let i(w) = 2*w**3 + 3*w**2 + 79*w + 396. Give i(-4).
0
Let h(i) = 2*i**2 - 188*i - 432. Determine h(100).
768
Let v(b) = -3*b**3 - 100*b**2 - 113*b - 6187. Give v(-34).
-33
Let m(u) = 7199*u + 14866. Give m(-2).
468
Let y(o) = 4*o**2 + 315*o + 4697. Calculate y(-20).
-3
Let w(u) = -u**2 + 86792*u - 607498. Give w(7).
-3
Let b(j) = -j**2 + 57*j + 6693. Calculate b(-66).
-1425
Let b(h) = 63308*h - 1139536. Calculate b(18).
8
Let p(y) = 2*y**3 + 553*y**2 - 54015*y - 2110. Calculate p(-353).
8
Let v(z) = 12*z**3 - 499*z**2 + 2400*z + 438. Determine v(36).
6
Let t(m) = -34765*m + 869123. Give t(25).
-2
Let z(v) = -16*v**2 - 1604*v - 444. Calculate z(-100).
-44
Let v(w) = w + 262. Give v(-14).
248
Let n(i) = 1465*i + 97386. Calculate n(-66).
696
Let o(j) = 12*j**2 + 1462*j + 1175. Determine o(-121).
-35
Let p(d) = d**3 + 17*d**2 - 1060*d + 203. Determine p(25).
-47
Let o(x) = 10100*x - 131213. Give o(13).
87
Let l(w) = w**3 - 68*w**2 + 127*w + 125. What is l(66)?
-205
Let u(w) = -2649*w + 148302. Give u(56).
-42
Let p(q) = -q**2 - 498*q + 40073. What is p(68)?
1585
Let o(v) = 264*v**2 - 4228*v + 64. Calculate o(16).
0
Let l(y) = -75*y**2 - 31*y + 36. Calculate l(1).
-70
Let q(z) = 8*z**2 - 56*z - 285. What is q(-7)?
499
Let s(v) = -16*v**3 + 63*v**2 - 43*v - 8. What is s(2)?
30
Let k(f) = -2*f**3 + 872*f**2 + 1788*f - 15769.